n - 2*z + 44. Suppose -7*x = -4*x + 5*w + 49, -34 = 3*x + 2*w. Let g = x + n. What is the units digit of g?
4
Let j(p) = p + 17. What is the units digit of j(-6)?
1
Suppose l - 114 = 2*s - 25, -5*l - 5*s = -370. What is the tens digit of l?
7
Let o = -1 + 7. Let f = o - 4. What is the units digit of f?
2
Let k be 4*(-1 + -1 + 3). Suppose -3*l = -2*j - 0*l + 6, -15 = -5*j - k*l. Let z(v) = v**2 - 2*v + 3. What is the units digit of z(j)?
6
Let d = -11 - -13. What is the units digit of d*(-3)/((-12)/8)?
4
Let i(k) = 2*k**2 - k + 4. Suppose -5*p - 1 = 14. What is the units digit of i(p)?
5
Let z = -2 - -4. What is the units digit of 7 - ((z - 4) + 0)?
9
Let i = -16 + 20. What is the units digit of i?
4
Let u(b) = b + 1. Let x(p) = -3*p - 2. Let k(a) = -13*u(a) - 6*x(a). Let o(l) = l - 4. Let s be o(5). What is the units digit of k(s)?
4
Let i(o) = -o**2 - 8*o + 3. Let d = 18 - 38. Let h = d + 12. What is the units digit of i(h)?
3
What is the units digit of -3 + 2 + (-58 - 3)/(-1)?
0
Let w(z) = z - 3. Let l be w(5). Suppose r = l*r - 24. What is the units digit of r?
4
What is the tens digit of (-1 - -2)*0 - -56?
5
Suppose 0 = p + 3*w - 1 - 0, 2*p + 4*w - 12 = 0. Suppose x = i + 14, x + p = 2*x - 2*i. What is the tens digit of x?
1
Let y = 155 - 230. Let r be y/(-10)*(-4)/(-6). What is the units digit of 2/10 + 24/r?
5
Let c(h) = h**3 - 7*h**2 + 10*h - 13. Let x(z) = z**3 + 5*z**2 - z + 1. Let r be x(-5). What is the units digit of c(r)?
1
What is the tens digit of ((-4)/6)/((-20)/2070)?
6
Let f = -13 + 24. Let x(c) = -2*c - 9. Let s be x(-5). Suppose -j + s = -f. What is the units digit of j?
2
Let y(w) = 7*w**2 + 6*w + 8. Let j(s) = 20*s**2 + 18*s + 23. Let h(a) = -6*j(a) + 17*y(a). What is the units digit of h(-4)?
6
Let n = 0 - 1. Let b = 18 - 13. What is the units digit of (-2 - n) + (b - 0)?
4
Let x = -29 - -3. What is the units digit of (-4)/x + 735/39?
9
Let q be (-30)/(-4) + 3/(-6). Let o be q + -7 + 1 + 1. Suppose 4*x + 2*m = 68, -x - o*x + m + 41 = 0. What is the tens digit of x?
1
Suppose y = -4*b + 4*y + 453, -114 = -b + y. What is the units digit of b?
1
Let z = -37 + 53. Let l be (-9)/(-4) - 4/z. Suppose 14 = w + 3*q, 0 + 8 = l*q. What is the units digit of w?
2
Suppose k - 186 = -5*s - 3*k, -42 = -s + 4*k. What is the units digit of s?
8
Let g be (0 - 6)/(2 - 3). Suppose -v = -4*t + g, 0 = t + 2*t + 4*v - 14. What is the units digit of (-2)/3*(-21)/t?
7
Let t(r) = -r**2 + 20*r + 20. What is the hundreds digit of t(10)?
1
Let l be -13 + (-1)/1 - 1. Let w(n) = n**2 - 7*n - 9. Let y be w(10). Let p = y + l. What is the units digit of p?
6
Let i(u) = u**3 + 5*u**2 - 6*u + 4. What is the units digit of i(-5)?
4
Let x = 5 - 2. Let y be x/9 + 14/3. What is the units digit of (-80)/(-25)*y/2?
8
Let d(a) = 3*a**2 + 6*a - 12. What is the tens digit of d(-6)?
6
Suppose -l - 4 - 1 = 2*n, -4*l = -3*n - 13. What is the units digit of l?
1
Let f = 6 + -8. What is the units digit of (f + (4 - 0))*4?
8
Suppose 0*f - 6 = 2*f. What is the tens digit of ((-1)/f)/(1/33)?
1
Let l = -5 - -7. Suppose -2*b - l*b = -40. What is the units digit of b?
0
Let v(b) = b + 5. Let l be v(-2). Suppose 18 = l*s - 99. What is the tens digit of s?
3
Let u be (15/(-6) - -3)*32. Let h = u - 35. Let p = h - -34. What is the tens digit of p?
1
Suppose t = -2*g + 7*g - 14, -g + 2*t + 1 = 0. Suppose g - 5 = -m. What is the units digit of (m - 16/5)*-5?
6
Let g = -28 - -86. What is the tens digit of g?
5
Suppose -5*x + 164 = 4*k - 2*k, -5*x - 4*k = -168. What is the units digit of x?
2
Suppose -409 + 1053 = 7*a. What is the units digit of a?
2
Suppose -4*b + 202 + 326 = 0. What is the tens digit of b?
3
Let k(f) be the second derivative of f**3/3 - 5*f**2/2 - 3*f. What is the units digit of k(5)?
5
Let v(d) = -d**3 - 10*d**2 + 7. What is the units digit of v(-10)?
7
Suppose 0*w - 2*w + 10 = 0. Suppose -3*z + w = 3*s - 2*s, -5*z + 11 = s. Suppose -i = -z*i + 16. What is the units digit of i?
8
Let u(m) = m + 6. Let z(a) = -4*a - 25. Let r(l) = 9*u(l) + 2*z(l). Let h be r(-3). Suppose 11 = 3*c - h. What is the units digit of c?
4
Let w = 80 + -22. What is the tens digit of w?
5
Let v(q) = -14*q - 27. What is the units digit of v(-9)?
9
Let o = 88 - 24. What is the units digit of o?
4
What is the tens digit of (-405)/(-25) - 1/5?
1
Suppose 7*p + 66 = 10*p. What is the tens digit of p?
2
Let b = -2 + -7. Let t be 6/(-9) - 384/b. Suppose 5*x = 2*f - t, -4*x = -9*f + 4*f + 88. What is the tens digit of f?
1
Suppose -2 - 6 = -4*i. Suppose -3 = i*h - 7. What is the units digit of h?
2
Let f(o) = 5*o**2 - 5. What is the tens digit of f(3)?
4
Let w = -20 + 24. Suppose 7*u - 2*u + 5*r - 170 = 0, w*r = 3*u - 67. What is the units digit of u?
9
Let l(r) = -r**2 - 11*r - 9. Suppose 36 = -18*f + 14*f. What is the units digit of l(f)?
9
Let v be 1 - (0 + (0 - 125)). Suppose m = 4*b + 39, 2*b + b - v = -5*m. Suppose -2*y + m = y. What is the units digit of y?
9
Suppose 4*c + 52 + 20 = 0. Let d = -2 - c. What is the tens digit of d?
1
Let i(v) = v**3 - v**2 - v - 3. Let m be i(3). Suppose -m - 2 = -n. What is the tens digit of n?
1
Suppose b - 3*a - 36 = 0, 3*b = 4*a - 65 + 168. What is the units digit of b?
3
Let g(v) = -11*v**3 + 5*v**2 + 6*v + 2. What is the tens digit of g(-2)?
9
Suppose 8*f + 676 = 12*f. What is the units digit of f?
9
Let w(p) = -p**3 + 5*p**2 - p + 3. Let q be w(5). Let s be (-2 - 4)*1/q. Suppose 4*v - 4*g - 11 = 13, s*v - 4*g - 22 = 0. What is the units digit of v?
2
Suppose -n + 124 = 43. What is the units digit of n?
1
Let s be (-2)/(-8) - 299/(-4). Let b = -45 + s. Suppose 2*l + 0*l = b. What is the units digit of l?
5
Suppose -q - 469 = -5*i, 5*q + 92 = -5*i + 567. What is the units digit of i?
4
What is the units digit of 1272/16 - 6/4?
8
Suppose g + 3 = l, 3*g + 3*l = -3 - 0. Let r = g + 2. Suppose r*b = -2*b + 10. What is the units digit of b?
5
Let q(v) = v + 6. Let l be q(-3). Suppose 0 = -5*i - 10, m - 3*m + l*i + 12 = 0. What is the units digit of m?
3
Suppose 5*z = -2*i + 19 + 66, 0 = -i + 4*z + 36. What is the tens digit of i?
4
Suppose -11*z = -14*z - 213. Let u = -33 - z. What is the tens digit of u?
3
Suppose -v - 5*p + 23 = 0, 0 = v + 2*v - 3*p - 51. What is the units digit of v?
8
What is the tens digit of (-18)/24 + 285/12?
2
Suppose p - q + 5*q - 1 = 0, -2*p - 5*q - 1 = 0. Let c be (-2)/p + 4/12. Let j = c - -1. What is the units digit of j?
2
Suppose 388 = -24*d + 28*d. What is the units digit of d?
7
Let b(q) = q**3 - 4*q**2 - 7*q - 6. Let s(u) = -u**3 + 5*u**2 - 3*u. Let h be s(2). What is the tens digit of b(h)?
2
Suppose 0 = 4*t - 7*t + 1011. What is the tens digit of t?
3
Suppose -5*q = -c - 8, -3*c + q - 2 = 8. Suppose l + 3*d = -6, 8*l + 4*d + 19 = 3*l. What is the units digit of (-1)/l + (-17)/c?
6
Let d(n) = n**2 - 5*n + 6. Let p be d(5). Let o = 13 - p. What is the units digit of o?
7
Let g be (-4)/(-18) + (-64)/(-36). Let n = -3 - -5. Suppose -4*m = n*j - 6, 2*j + 1 = m + g*m. What is the units digit of j?
1
Let q(g) = -g + 2. Let w be q(7). Suppose j - 3 = 4*j. Let b = j - w. What is the units digit of b?
4
What is the units digit of (-19 - -21) + 23 + -1?
4
Suppose 2*f = 4*s + 254, 3*s + 183 = -f - 0*f. What is the units digit of (-5)/(-20) + s/(-8)?
8
Suppose -9*v + 377 + 379 = 0. What is the tens digit of v?
8
Let d(k) = -k + 2. Let j be d(-8). Suppose -25 = -4*i + 5*u, 3*i - 4*u - 10 - 10 = 0. What is the tens digit of 0 - i - j/(-1)?
1
Let r(f) = -f**3 + 10*f**2 + f - 6. Suppose 3*c + 1 = 31. Let h be r(c). What is the units digit of -5*(h/2)/(-2)?
5
Let m = -8 - -6. Let f be 0 + 2 + (m - -17). Suppose -11 - f = -4*q. What is the units digit of q?
7
What is the units digit of (-4)/14 + 228/14?
6
What is the units digit of ((-42)/147)/(2/(-266))?
8
Suppose -5*b + 20 = -k, -5*k - 2 = -b + 2. What is the units digit of (-42)/b*(-4)/6?
7
What is the units digit of (15 + -18)*(0 + -30)?
0
Let c(x) be the second derivative of x**5/60 + x**4/24 + x**3/6 + 3*x**2/2 + x. Let l(v) be the first derivative of c(v). What is the units digit of l(-3)?
7
Suppose 2*d - 46 - 10 = 0. What is the tens digit of d?
2
Suppose -w + 0 + 2 = 0, m - 3*w - 72 = 0. What is the units digit of m?
8
Let p be (0 + 2/3)*12. Let a = p - 2. What is the units di